{"id":179,"date":"2017-03-24T17:49:32","date_gmt":"2017-03-24T16:49:32","guid":{"rendered":"http:\/\/sitev2.akompano.fr\/?page_id=179"},"modified":"2026-04-14T15:12:24","modified_gmt":"2026-04-14T13:12:24","slug":"equipe","status":"publish","type":"page","link":"https:\/\/akompano.fr\/index.php\/equipe\/","title":{"rendered":"\u00c9quipe"},"content":{"rendered":"\n<h4 class=\"wp-block-heading\">Nous avons constitu\u00e9 une \u00e9quipe de consultants exp\u00e9riment\u00e9s et passionn\u00e9s par le domaine de la transformation num\u00e9rique, dont la polyvalence offre une grande souplesse pour r\u00e9pondre aux besoins d&rsquo;assistance aux diff\u00e9rentes phases des projets.<\/h4>\n\n\n\n<div style=\"height:30px\" aria-hidden=\"true\" class=\"wp-block-spacer\"><\/div>\n\n\n\n<div class=\"blockart-section blockart-section-e8c33449\"><div class=\"blockart-container\"><div class=\"blockart-section-inner\">\n<div class=\"blockart-column blockart-column-8934f616\"><div class=\"blockart-column-inner\">\n<div style=\"height:30px\" aria-hidden=\"true\" class=\"wp-block-spacer\"><\/div>\n\n\n\n<figure class=\"wp-block-image aligncenter size-full is-resized\"><img loading=\"lazy\" decoding=\"async\" width=\"256\" height=\"384\" src=\"http:\/\/akompano.fr\/wp-content\/uploads\/2017\/03\/4D1A0079_pp_384.jpg\" alt=\"\" class=\"wp-image-307\" style=\"aspect-ratio:0.6666666369745304;object-fit:cover;width:120px\" srcset=\"https:\/\/akompano.fr\/wp-content\/uploads\/2017\/03\/4D1A0079_pp_384.jpg 256w, https:\/\/akompano.fr\/wp-content\/uploads\/2017\/03\/4D1A0079_pp_384-200x300.jpg 200w\" sizes=\"auto, (max-width: 256px) 100vw, 256px\" \/><\/figure>\n<\/div><\/div>\n\n\n\n<div class=\"blockart-column blockart-column-2b505e7f\"><div class=\"blockart-column-inner\">\n<div class=\"wp-block-group is-nowrap is-layout-flex wp-container-core-group-is-layout-6c531013 wp-block-group-is-layout-flex\">\n<div style=\"height:22px;width:0px\" aria-hidden=\"true\" class=\"wp-block-spacer wp-container-content-d62f4c8e\"><\/div>\n\n\n\n<div style=\"height:15px;width:0px\" aria-hidden=\"true\" class=\"wp-block-spacer wp-container-content-42c95ffb\"><\/div>\n<\/div>\n\n\n\n<h3 class=\"wp-block-heading\">Fran\u00e7ois Jaumier<\/h3>\n\n\n\n<p class=\"has-text-align-left\">30 ans d\u2019exp\u00e9rience dans la transformation des processus par le num\u00e9rique, en tant que responsable de missions et manager de consultants, en SSII et cabinet de conseil (secteurs public et priv\u00e9). Expertise en particulier dans la d\u00e9mat\u00e9rialisation des processus, le records management et la gouvernance de l\u2019information.<\/p>\n\n\n\n<div style=\"height:15px\" aria-hidden=\"true\" class=\"wp-block-spacer\"><\/div>\n<\/div><\/div>\n<\/div><\/div><\/div>\n\n\n\n<div style=\"height:20px\" aria-hidden=\"true\" class=\"wp-block-spacer\"><\/div>\n\n\n\n<div class=\"blockart-section blockart-section-bad77594\"><div class=\"blockart-container\"><div class=\"blockart-section-inner\">\n<div class=\"blockart-column blockart-column-aa84f036\"><div class=\"blockart-column-inner\">\n<div style=\"height:22px\" aria-hidden=\"true\" class=\"wp-block-spacer\"><\/div>\n\n\n\n<h3 class=\"wp-block-heading\">Fr\u00e9d\u00e9ric Clavurier<\/h3>\n\n\n\n<p>25 ans d\u2019exp\u00e9rience dans la conception et la mise en \u0153uvre de SI ax\u00e9s sur la gestion de l\u2019information non structur\u00e9e, dont 10 ans en conseil et assistance \u00e0 ma\u00eetrise d\u2019ouvrage. Expert de la d\u00e9mat\u00e9rialisation, de la GED et de la num\u00e9risation, notamment dans le secteur public.<\/p>\n\n\n\n<div style=\"height:15px\" aria-hidden=\"true\" class=\"wp-block-spacer\"><\/div>\n<\/div><\/div>\n\n\n\n<div class=\"blockart-column blockart-column-23149323\"><div class=\"blockart-column-inner\">\n<div style=\"height:30px\" aria-hidden=\"true\" class=\"wp-block-spacer\"><\/div>\n\n\n\n<figure class=\"wp-block-image aligncenter size-full is-resized\"><img loading=\"lazy\" decoding=\"async\" width=\"256\" height=\"384\" src=\"http:\/\/akompano.fr\/wp-content\/uploads\/2017\/03\/4D1A0792_pp_384.jpg\" alt=\"\" class=\"wp-image-317\" style=\"width:120px\" srcset=\"https:\/\/akompano.fr\/wp-content\/uploads\/2017\/03\/4D1A0792_pp_384.jpg 256w, https:\/\/akompano.fr\/wp-content\/uploads\/2017\/03\/4D1A0792_pp_384-200x300.jpg 200w\" sizes=\"auto, (max-width: 256px) 100vw, 256px\" \/><\/figure>\n<\/div><\/div>\n<\/div><\/div><\/div>\n\n\n\n<div style=\"height:20px\" aria-hidden=\"true\" class=\"wp-block-spacer\"><\/div>\n\n\n\n<div class=\"blockart-section blockart-section-b880ec0c\"><div class=\"blockart-container\"><div class=\"blockart-section-inner\">\n<div class=\"blockart-column blockart-column-bb1f49e1\"><div class=\"blockart-column-inner\">\n<div style=\"height:30px\" aria-hidden=\"true\" class=\"wp-block-spacer\"><\/div>\n\n\n\n<figure class=\"wp-block-image aligncenter size-full is-resized\"><img loading=\"lazy\" decoding=\"async\" width=\"256\" height=\"384\" src=\"http:\/\/akompano.fr\/wp-content\/uploads\/2017\/03\/4D1A0796_pp_384.jpg\" alt=\"\" class=\"wp-image-318\" style=\"aspect-ratio:0.6666666369745304;object-fit:cover;width:120px\" srcset=\"https:\/\/akompano.fr\/wp-content\/uploads\/2017\/03\/4D1A0796_pp_384.jpg 256w, https:\/\/akompano.fr\/wp-content\/uploads\/2017\/03\/4D1A0796_pp_384-200x300.jpg 200w\" sizes=\"auto, (max-width: 256px) 100vw, 256px\" \/><\/figure>\n<\/div><\/div>\n\n\n\n<div class=\"blockart-column blockart-column-cc6db52f\"><div class=\"blockart-column-inner\">\n<div style=\"height:15px\" aria-hidden=\"true\" class=\"wp-block-spacer\"><\/div>\n\n\n\n<div style=\"height:21px\" aria-hidden=\"true\" class=\"wp-block-spacer\"><\/div>\n\n\n\n<h3 class=\"wp-block-heading\">Karine Courchay<\/h3>\n\n\n\n<p class=\"has-text-align-left\">20 ans d\u2019exp\u00e9rience en tant que consultante et assistance \u00e0 ma\u00eetrise d\u2019ouvrage de projets num\u00e9riques associ\u00e9s notamment au domaine RH. Sp\u00e9cialiste des projets de GED et d\u2019archivage \u00e9lectronique et des phases de conduite du changement.<\/p>\n\n\n\n<div style=\"height:15px\" aria-hidden=\"true\" class=\"wp-block-spacer\"><\/div>\n<\/div><\/div>\n<\/div><\/div><\/div>\n\n\n\n<div style=\"height:20px\" aria-hidden=\"true\" class=\"wp-block-spacer\"><\/div>\n\n\n\n<div class=\"blockart-section blockart-section-361fa2ca\"><div class=\"blockart-container\"><div class=\"blockart-section-inner\">\n<div class=\"blockart-column blockart-column-a84e776d\"><div class=\"blockart-column-inner\">\n<div style=\"height:22px\" aria-hidden=\"true\" class=\"wp-block-spacer\"><\/div>\n\n\n\n<h3 class=\"wp-block-heading\">Amalia Boutin<\/h3>\n\n\n\n<p>12 ans d\u2019exp\u00e9rience en tant que sp\u00e9cialiste de la gestion de l\u2019information, notamment GED, gestion de contenus et archivage \u00e9lectronique. Intervention en particulier dans le cadre des phases de mise en \u0153uvre, de d\u00e9ploiement et d\u2019administration fonctionnelle. Production de contenus m\u00e9thodologiques et de communication.<\/p>\n\n\n\n<div style=\"height:15px\" aria-hidden=\"true\" class=\"wp-block-spacer\"><\/div>\n<\/div><\/div>\n\n\n\n<div class=\"blockart-column blockart-column-b6a7cec2\"><div class=\"blockart-column-inner\">\n<div style=\"height:30px\" aria-hidden=\"true\" class=\"wp-block-spacer\"><\/div>\n\n\n\n<figure class=\"wp-block-image aligncenter size-full is-resized\"><img loading=\"lazy\" decoding=\"async\" width=\"200\" height=\"300\" src=\"http:\/\/akompano.fr\/wp-content\/uploads\/2019\/05\/Amalia.jpg\" alt=\"\" class=\"wp-image-333\" style=\"width:120px\"\/><\/figure>\n<\/div><\/div>\n<\/div><\/div><\/div>\n\n\n\n<div style=\"height:20px\" aria-hidden=\"true\" class=\"wp-block-spacer\"><\/div>\n\n\n\n<div class=\"blockart-section blockart-section-e3979fe0\"><div class=\"blockart-container\"><div class=\"blockart-section-inner\">\n<div class=\"blockart-column blockart-column-58413c63\"><div class=\"blockart-column-inner\">\n<div style=\"height:30px\" aria-hidden=\"true\" class=\"wp-block-spacer\"><\/div>\n\n\n\n<figure class=\"wp-block-image aligncenter size-full is-resized\"><img loading=\"lazy\" decoding=\"async\" width=\"256\" height=\"341\" src=\"http:\/\/akompano.fr\/wp-content\/uploads\/2020\/02\/00100lrPORTRAIT_00100_BURST20200130164100342_COVER-1_pps.jpg\" alt=\"\" class=\"wp-image-343\" style=\"aspect-ratio:0.6666666369745304;object-fit:cover;width:120px\" srcset=\"https:\/\/akompano.fr\/wp-content\/uploads\/2020\/02\/00100lrPORTRAIT_00100_BURST20200130164100342_COVER-1_pps.jpg 256w, https:\/\/akompano.fr\/wp-content\/uploads\/2020\/02\/00100lrPORTRAIT_00100_BURST20200130164100342_COVER-1_pps-225x300.jpg 225w\" sizes=\"auto, (max-width: 256px) 100vw, 256px\" \/><\/figure>\n<\/div><\/div>\n\n\n\n<div class=\"blockart-column blockart-column-d1ee3f88\"><div class=\"blockart-column-inner\">\n<div style=\"height:22px\" aria-hidden=\"true\" class=\"wp-block-spacer\"><\/div>\n\n\n\n<h3 class=\"wp-block-heading\">Angela Spataru<\/h3>\n\n\n\n<p class=\"has-text-align-left\">8 ans d\u2019exp\u00e9rience en tant qu\u2019archiviste puis consultante en management de l\u2019information num\u00e9rique. Sp\u00e9cialiste du d\u00e9ploiement de politiques d\u2019archivage et de la mise en oeuvre de flux d\u2019archives num\u00e9riques. Titulaire d\u2019un Master 2 \u2013 manager de l\u2019information (EBD).<\/p>\n\n\n\n<div style=\"height:15px\" aria-hidden=\"true\" class=\"wp-block-spacer\"><\/div>\n<\/div><\/div>\n<\/div><\/div><\/div>\n\n\n\n<div style=\"height:20px\" aria-hidden=\"true\" class=\"wp-block-spacer\"><\/div>\n\n\n\n<div class=\"blockart-section blockart-section-ae85c735\"><div class=\"blockart-container\"><div class=\"blockart-section-inner\">\n<div class=\"blockart-column blockart-column-61aa23dd\"><div class=\"blockart-column-inner\">\n<div style=\"height:22px\" aria-hidden=\"true\" class=\"wp-block-spacer\"><\/div>\n\n\n\n<h3 class=\"wp-block-heading\">Emeline Moscato<\/h3>\n\n\n\n<p>13 ans d\u2019exp\u00e9rience en tant qu\u2019archiviste, chef de projet puis consultante en management de l\u2019information num\u00e9rique. Sp\u00e9cialiste du d\u00e9ploiement de politiques d\u2019archivage, de solutions de d\u00e9mat\u00e9rialisation et de la mise en oeuvre de flux d\u2019archives num\u00e9riques.<\/p>\n\n\n\n<div style=\"height:15px\" aria-hidden=\"true\" class=\"wp-block-spacer\"><\/div>\n<\/div><\/div>\n\n\n\n<div class=\"blockart-column blockart-column-016ab7e9\"><div class=\"blockart-column-inner\">\n<div style=\"height:30px\" aria-hidden=\"true\" class=\"wp-block-spacer\"><\/div>\n\n\n\n<figure class=\"wp-block-image aligncenter size-full is-resized\"><img loading=\"lazy\" decoding=\"async\" width=\"781\" height=\"1024\" src=\"http:\/\/akompano.fr\/wp-content\/uploads\/2022\/09\/Emeline_small.jpg\" alt=\"\" class=\"wp-image-470\" style=\"width:120px\" srcset=\"https:\/\/akompano.fr\/wp-content\/uploads\/2022\/09\/Emeline_small.jpg 781w, https:\/\/akompano.fr\/wp-content\/uploads\/2022\/09\/Emeline_small-229x300.jpg 229w, https:\/\/akompano.fr\/wp-content\/uploads\/2022\/09\/Emeline_small-768x1007.jpg 768w\" sizes=\"auto, (max-width: 781px) 100vw, 781px\" \/><\/figure>\n<\/div><\/div>\n<\/div><\/div><\/div>\n\n\n\n<div style=\"height:20px\" aria-hidden=\"true\" class=\"wp-block-spacer\"><\/div>\n\n\n\n<div class=\"blockart-section blockart-section-e271ae3b\"><div class=\"blockart-container\"><div class=\"blockart-section-inner\">\n<div class=\"blockart-column blockart-column-0aa7d8c6\"><div class=\"blockart-column-inner\">\n<div style=\"height:30px\" aria-hidden=\"true\" class=\"wp-block-spacer\"><\/div>\n\n\n\n<figure class=\"wp-block-image aligncenter size-full is-resized\"><img loading=\"lazy\" decoding=\"async\" width=\"100\" height=\"140\" src=\"http:\/\/akompano.fr\/wp-content\/uploads\/2023\/05\/EV.jpg\" alt=\"\" class=\"wp-image-483\" style=\"aspect-ratio:0.6666666369745304;object-fit:cover;width:110px\"\/><\/figure>\n<\/div><\/div>\n\n\n\n<div class=\"blockart-column blockart-column-2131c598\"><div class=\"blockart-column-inner\">\n<div style=\"height:22px\" aria-hidden=\"true\" class=\"wp-block-spacer\"><\/div>\n\n\n\n<h3 class=\"wp-block-heading\">Estelle Vernassi\u00e8re<\/h3>\n\n\n\n<p class=\"has-text-align-left\">10 ans d\u2019exp\u00e9rience, sp\u00e9cialiste de l\u2019archivage \u00e9lectronique et du Records management, cadrage et gestion de projets documentaires. Titulaire d\u2019un Master Technologies num\u00e9riques appliqu\u00e9es \u00e0 l\u2019histoire, parcours Archives (Ecole nationale des chartes).<\/p>\n\n\n\n<div style=\"height:15px\" aria-hidden=\"true\" class=\"wp-block-spacer\"><\/div>\n<\/div><\/div>\n<\/div><\/div><\/div>\n\n\n\n<div style=\"height:20px\" aria-hidden=\"true\" class=\"wp-block-spacer\"><\/div>\n\n\n\n<div class=\"blockart-section blockart-section-0e83e1aa\"><div class=\"blockart-container\"><div class=\"blockart-section-inner\">\n<div class=\"blockart-column blockart-column-21e44e16\"><div class=\"blockart-column-inner\">\n<div style=\"height:22px\" aria-hidden=\"true\" class=\"wp-block-spacer\"><\/div>\n\n\n\n<h3 class=\"wp-block-heading\">Victor Simoth\u00e9<\/h3>\n\n\n\n<p>4 ans d\u2019exp\u00e9rience en d\u00e9mat\u00e9rialisation, archivage \u00e9lectronique et physique, SAE, bus applicatifs \/ ETL,\u2026<\/p>\n\n\n\n<div style=\"height:15px\" aria-hidden=\"true\" class=\"wp-block-spacer\"><\/div>\n<\/div><\/div>\n\n\n\n<div class=\"blockart-column blockart-column-d7682935\"><div class=\"blockart-column-inner\">\n<div style=\"height:30px\" aria-hidden=\"true\" class=\"wp-block-spacer\"><\/div>\n\n\n\n<figure class=\"wp-block-image aligncenter size-full is-resized\"><img loading=\"lazy\" decoding=\"async\" width=\"164\" height=\"164\" src=\"http:\/\/akompano.fr\/wp-content\/uploads\/2024\/09\/VS.jpg\" alt=\"\" class=\"wp-image-572\" style=\"width:170px;height:auto\" srcset=\"https:\/\/akompano.fr\/wp-content\/uploads\/2024\/09\/VS.jpg 164w, https:\/\/akompano.fr\/wp-content\/uploads\/2024\/09\/VS-150x150.jpg 150w, https:\/\/akompano.fr\/wp-content\/uploads\/2024\/09\/VS-83x83.jpg 83w, https:\/\/akompano.fr\/wp-content\/uploads\/2024\/09\/VS-59x59.jpg 59w, https:\/\/akompano.fr\/wp-content\/uploads\/2024\/09\/VS-60x60.jpg 60w\" sizes=\"auto, (max-width: 164px) 100vw, 164px\" \/><\/figure>\n<\/div><\/div>\n<\/div><\/div><\/div>\n\n\n\n<div style=\"height:74px\" aria-hidden=\"true\" class=\"wp-block-spacer\"><\/div>\n\n\n\n<div class=\"wp-block-buttons is-content-justification-center is-layout-flex wp-container-core-buttons-is-layout-a89b3969 wp-block-buttons-is-layout-flex\">\n<div class=\"wp-block-button\"><a class=\"wp-block-button__link wp-element-button\" href=\"https:\/\/akompano.fr\/index.php\/nous-rejoindre\/\">Nous rejoindre<\/a><\/div>\n<\/div>\n","protected":false},"excerpt":{"rendered":"<p>Nous avons constitu\u00e9 une \u00e9quipe de consultants exp\u00e9riment\u00e9s et passionn\u00e9s par le domaine de la transformation num\u00e9rique, dont la polyvalence offre une grande souplesse pour r\u00e9pondre aux besoins d&rsquo;assistance aux diff\u00e9rentes phases des projets.<\/p>\n","protected":false},"author":1,"featured_media":0,"parent":0,"menu_order":0,"comment_status":"closed","ping_status":"closed","template":"","meta":{"zakra_page_container_layout":"customizer","zakra_page_sidebar_layout":"customizer","zakra_remove_content_margin":false,"zakra_sidebar":"customizer","zakra_transparent_header":"customizer","zakra_logo":0,"zakra_main_header_style":"default","zakra_menu_item_color":"","zakra_menu_item_hover_color":"","zakra_menu_item_active_color":"","zakra_menu_active_style":"","zakra_page_header":true,"_monsterinsights_skip_tracking":false,"_monsterinsights_sitenote_active":false,"_monsterinsights_sitenote_note":"","_monsterinsights_sitenote_category":0,"footnotes":""},"class_list":["post-179","page","type-page","status-publish","hentry"],"_links":{"self":[{"href":"https:\/\/akompano.fr\/index.php\/wp-json\/wp\/v2\/pages\/179","targetHints":{"allow":["GET"]}}],"collection":[{"href":"https:\/\/akompano.fr\/index.php\/wp-json\/wp\/v2\/pages"}],"about":[{"href":"https:\/\/akompano.fr\/index.php\/wp-json\/wp\/v2\/types\/page"}],"author":[{"embeddable":true,"href":"https:\/\/akompano.fr\/index.php\/wp-json\/wp\/v2\/users\/1"}],"replies":[{"embeddable":true,"href":"https:\/\/akompano.fr\/index.php\/wp-json\/wp\/v2\/comments?post=179"}],"version-history":[{"count":66,"href":"https:\/\/akompano.fr\/index.php\/wp-json\/wp\/v2\/pages\/179\/revisions"}],"predecessor-version":[{"id":1277,"href":"https:\/\/akompano.fr\/index.php\/wp-json\/wp\/v2\/pages\/179\/revisions\/1277"}],"wp:attachment":[{"href":"https:\/\/akompano.fr\/index.php\/wp-json\/wp\/v2\/media?parent=179"}],"curies":[{"name":"wp","href":"https:\/\/api.w.org\/{rel}","templated":true}]}}